{"id":58,"date":"2011-10-26T20:59:46","date_gmt":"2011-10-26T18:59:46","guid":{"rendered":"http:\/\/fortbassesperches.com\/?page_id=58"},"modified":"2015-03-17T23:30:46","modified_gmt":"2015-03-17T21:30:46","slug":"actualites","status":"publish","type":"page","link":"https:\/\/fortbassesperches.com\/?page_id=58","title":{"rendered":"Activit\u00e9s"},"content":{"rendered":"<h3>Les pages <strong>Activit\u00e9s<\/strong> traitent des \u00e9v\u00e9nements r\u00e9alis\u00e9s avec l&rsquo;aide des b\u00e9n\u00e9voles.<\/h3>\n<p>&nbsp;<\/p>\n<h3><\/h3>\n","protected":false},"excerpt":{"rendered":"<p>Les pages Activit\u00e9s traitent des \u00e9v\u00e9nements r\u00e9alis\u00e9s avec l&rsquo;aide des b\u00e9n\u00e9voles. &nbsp;<\/p>\n","protected":false},"author":1,"featured_media":0,"parent":0,"menu_order":5,"comment_status":"closed","ping_status":"closed","template":"","meta":{"ngg_post_thumbnail":0,"footnotes":""},"class_list":["post-58","page","type-page","status-publish","hentry"],"_links":{"self":[{"href":"https:\/\/fortbassesperches.com\/index.php?rest_route=\/wp\/v2\/pages\/58","targetHints":{"allow":["GET"]}}],"collection":[{"href":"https:\/\/fortbassesperches.com\/index.php?rest_route=\/wp\/v2\/pages"}],"about":[{"href":"https:\/\/fortbassesperches.com\/index.php?rest_route=\/wp\/v2\/types\/page"}],"author":[{"embeddable":true,"href":"https:\/\/fortbassesperches.com\/index.php?rest_route=\/wp\/v2\/users\/1"}],"replies":[{"embeddable":true,"href":"https:\/\/fortbassesperches.com\/index.php?rest_route=%2Fwp%2Fv2%2Fcomments&post=58"}],"version-history":[{"count":17,"href":"https:\/\/fortbassesperches.com\/index.php?rest_route=\/wp\/v2\/pages\/58\/revisions"}],"predecessor-version":[{"id":1083,"href":"https:\/\/fortbassesperches.com\/index.php?rest_route=\/wp\/v2\/pages\/58\/revisions\/1083"}],"wp:attachment":[{"href":"https:\/\/fortbassesperches.com\/index.php?rest_route=%2Fwp%2Fv2%2Fmedia&parent=58"}],"curies":[{"name":"wp","href":"https:\/\/api.w.org\/{rel}","templated":true}]}}