{"id":191,"date":"2011-11-29T16:45:54","date_gmt":"2011-11-29T14:45:54","guid":{"rendered":"http:\/\/fortbassesperches.com\/?page_id=191"},"modified":"2015-12-16T13:20:41","modified_gmt":"2015-12-16T11:20:41","slug":"visites-et-autres-evenements","status":"publish","type":"page","link":"https:\/\/fortbassesperches.com\/?page_id=191","title":{"rendered":"Visites et Ev\u00e9nements divers"},"content":{"rendered":"<p>Pour les visites du fort, veuillez prendre contact avec le secr\u00e9tariat de la mairie de Danjoutin au 03 84 28 24 21.<br \/>\nIl est aussi possible de demander des renseignements par l&rsquo;interm\u00e9diaire de la page Contact du site.<\/p>\n<h3>Conf\u00e9rences de la Soci\u00e9t\u00e9 Belfortaine d&rsquo;Emulation avec l&rsquo;Amicale du Fort des Basses Perches en 2011 et 2012<\/h3>\n<div id=\"attachment_260\" style=\"width: 310px\" class=\"wp-caption alignleft\"><a href=\"http:\/\/fortbassesperches.com\/wp-content\/uploads\/2011\/11\/Conference-1-300-X-202-R80.jpg\"><img loading=\"lazy\" decoding=\"async\" aria-describedby=\"caption-attachment-260\" class=\"size-full wp-image-260\" title=\"Conference (1) 300 X 202 R80\" src=\"http:\/\/fortbassesperches.com\/wp-content\/uploads\/2011\/11\/Conference-1-300-X-202-R80.jpg\" alt=\"\" width=\"300\" height=\"202\" \/><\/a><p id=\"caption-attachment-260\" class=\"wp-caption-text\">Conf\u00e9rence SBE &#8211; Amicale du Fort (Ph. J-P Foltzer)<\/p><\/div>\n<p>Une premi\u00e8re conf\u00e9rence a eu lieu \u00e0 Danjoutin au mois d&rsquo;octobre 2011.<br \/>\nSujet : l&rsquo;\u00e9volution de la citadelle de Belfort et la fortification du 13\u00e8me si\u00e8cle jusqu&rsquo;\u00e0 la p\u00e9riode Denfert-Rochereau.<br \/>\nUne deuxi\u00e8me conf\u00e9rence traitant de la p\u00e9riode S\u00e9r\u00e9 de Rivi\u00e8res jusqu&rsquo;aux travaux de r\u00e9novation depuis 2002 a \u00e9t\u00e9 r\u00e9alis\u00e9e en mars 2012.<\/p>\n<p>.<\/p>\n<h3>.<\/h3>\n<h3>Visite de la Soci\u00e9t\u00e9 Belfortaine d&rsquo;Emulation au Fort des Basses Perches en avril 2011<\/h3>\n<div id=\"attachment_920\" style=\"width: 280px\" class=\"wp-caption alignleft\"><a href=\"http:\/\/fortbassesperches.com\/wp-content\/uploads\/2011\/11\/Visite-SBE-04_2011-1-270-X-203-R72.jpg\"><img loading=\"lazy\" decoding=\"async\" aria-describedby=\"caption-attachment-920\" class=\"wp-image-920 size-full\" src=\"http:\/\/fortbassesperches.com\/wp-content\/uploads\/2011\/11\/Visite-SBE-04_2011-1-270-X-203-R72.jpg\" alt=\"OLYMPUS DIGITAL CAMERA\" width=\"270\" height=\"203\" \/><\/a><p id=\"caption-attachment-920\" class=\"wp-caption-text\">SBE-04_2011-1-270 X 203 R72<\/p><\/div>\n<div id=\"attachment_922\" style=\"width: 280px\" class=\"wp-caption alignleft\"><a href=\"http:\/\/fortbassesperches.com\/wp-content\/uploads\/2011\/11\/Visite-SBE-04_2011-2-270-X-203-R72.jpg\"><img loading=\"lazy\" decoding=\"async\" aria-describedby=\"caption-attachment-922\" class=\"wp-image-922 size-full\" src=\"http:\/\/fortbassesperches.com\/wp-content\/uploads\/2011\/11\/Visite-SBE-04_2011-2-270-X-203-R72.jpg\" alt=\"OLYMPUS DIGITAL CAMERA\" width=\"270\" height=\"203\" \/><\/a><p id=\"caption-attachment-922\" class=\"wp-caption-text\">SBE-04_2011-2-270 X 203 R72<\/p><\/div>\n<h3><\/h3>\n<h3>.<br \/>\nConf\u00e9rence de Presse avec la SBE au Fort des Basses Perches le 11 juillet 2011<\/h3>\n<div id=\"attachment_928\" style=\"width: 310px\" class=\"wp-caption alignleft\"><a href=\"http:\/\/fortbassesperches.com\/wp-content\/uploads\/2011\/11\/Conference-de-Presse-SBE-au-Fort-300-X-216-R72.jpg\"><img loading=\"lazy\" decoding=\"async\" aria-describedby=\"caption-attachment-928\" class=\"wp-image-928 size-full\" src=\"http:\/\/fortbassesperches.com\/wp-content\/uploads\/2011\/11\/Conference-de-Presse-SBE-au-Fort-300-X-216-R72.jpg\" alt=\"Conference de Presse SBE au Fort 300 X 216 R72\" width=\"300\" height=\"216\" \/><\/a><p id=\"caption-attachment-928\" class=\"wp-caption-text\">Conference de Presse SBE au Fort 380 X 216 R72 Ph. M. Girod<\/p><\/div>\n<p>Les premiers exemplaires du bulletin (N\u00b0101) de la Soci\u00e9t\u00e9 Belfortaine d&rsquo;Emulation ont \u00e9t\u00e9 remis aux adh\u00e9rents de l&rsquo;Amicale du Fort des Basses Perches.<\/p>\n<h3>.<\/h3>\n<h3><\/h3>\n<h3><\/h3>\n<h3><\/h3>\n<h3><\/h3>\n<h3>C\u00e9r\u00e9monie du 35\u00e8me R\u00e9giment d&rsquo;Infanterie de Belfort au fort des Basses Perches le 26 juin 2014<\/h3>\n<div id=\"attachment_899\" style=\"width: 280px\" class=\"wp-caption alignleft\"><a href=\"http:\/\/fortbassesperches.com\/wp-content\/uploads\/2011\/11\/Remise-des-Insignes-35\u00e8me-RI-270-X-175-R801.jpg\"><img loading=\"lazy\" decoding=\"async\" aria-describedby=\"caption-attachment-899\" class=\"wp-image-899 size-full\" src=\"http:\/\/fortbassesperches.com\/wp-content\/uploads\/2011\/11\/Remise-des-Insignes-35\u00e8me-RI-270-X-175-R801.jpg\" alt=\"Remise des Insignes 35\u00e8me RI 270 X 175 R80\" width=\"270\" height=\"175\" \/><\/a><p id=\"caption-attachment-899\" class=\"wp-caption-text\">Remise des Insignes 35\u00e8me RI 270 X 175 R80<\/p><\/div>\n<div id=\"attachment_901\" style=\"width: 285px\" class=\"wp-caption alignleft\"><a href=\"http:\/\/fortbassesperches.com\/wp-content\/uploads\/2011\/11\/Charte-35\u00e8me-RI-Commune-de-Villersexel-270-X-175-R80.jpg\"><img loading=\"lazy\" decoding=\"async\" aria-describedby=\"caption-attachment-901\" class=\"wp-image-901 size-full\" src=\"http:\/\/fortbassesperches.com\/wp-content\/uploads\/2011\/11\/Charte-35\u00e8me-RI-Commune-de-Villersexel-270-X-175-R80.jpg\" alt=\"Charte 35\u00e8me RI - Commune de Villersexel 270 X 175 R80\" width=\"275\" height=\"180\" \/><\/a><p id=\"caption-attachment-901\" class=\"wp-caption-text\">Charte 35\u00e8me RI Commune de Villersexel 270 X 175 R80<\/p><\/div>\n<p><br style=\"clear: both;\" \/>La remise des insignes d&rsquo;Aguerrissement Commando aux participants m\u00e9ritants et la signature de la Charte entre le 35\u00e8me RI et la ville de Villersexel a eu lieu dans le cadre exceptionnel du Fort des Basses Perches.<\/p>\n<h3>.<br \/>\nCoderando 90<br \/>\n.<\/h3>\n","protected":false},"excerpt":{"rendered":"<p>Pour les visites du fort, veuillez prendre contact avec le secr\u00e9tariat de la mairie de Danjoutin au 03 84 28 24 21. Il est aussi possible de demander des renseignements par l&rsquo;interm\u00e9diaire de la page Contact du site. Conf\u00e9rences de &hellip; <a href=\"https:\/\/fortbassesperches.com\/?page_id=191\">Continuer la lecture <span class=\"meta-nav\">&rarr;<\/span><\/a><\/p>\n","protected":false},"author":1,"featured_media":0,"parent":58,"menu_order":2,"comment_status":"closed","ping_status":"closed","template":"","meta":{"ngg_post_thumbnail":0,"footnotes":""},"class_list":["post-191","page","type-page","status-publish","hentry"],"_links":{"self":[{"href":"https:\/\/fortbassesperches.com\/index.php?rest_route=\/wp\/v2\/pages\/191","targetHints":{"allow":["GET"]}}],"collection":[{"href":"https:\/\/fortbassesperches.com\/index.php?rest_route=\/wp\/v2\/pages"}],"about":[{"href":"https:\/\/fortbassesperches.com\/index.php?rest_route=\/wp\/v2\/types\/page"}],"author":[{"embeddable":true,"href":"https:\/\/fortbassesperches.com\/index.php?rest_route=\/wp\/v2\/users\/1"}],"replies":[{"embeddable":true,"href":"https:\/\/fortbassesperches.com\/index.php?rest_route=%2Fwp%2Fv2%2Fcomments&post=191"}],"version-history":[{"count":88,"href":"https:\/\/fortbassesperches.com\/index.php?rest_route=\/wp\/v2\/pages\/191\/revisions"}],"predecessor-version":[{"id":1106,"href":"https:\/\/fortbassesperches.com\/index.php?rest_route=\/wp\/v2\/pages\/191\/revisions\/1106"}],"up":[{"embeddable":true,"href":"https:\/\/fortbassesperches.com\/index.php?rest_route=\/wp\/v2\/pages\/58"}],"wp:attachment":[{"href":"https:\/\/fortbassesperches.com\/index.php?rest_route=%2Fwp%2Fv2%2Fmedia&parent=191"}],"curies":[{"name":"wp","href":"https:\/\/api.w.org\/{rel}","templated":true}]}}

Visites et Evénements divers

<p>Pour les visites du fort, veuillez prendre contact avec le secrétariat de la mairie de Danjoutin au 03 84 28 24 21.<br />
Il est aussi possible de demander des renseignements par l&rsquo;intermédiaire de la page Contact du site.</p>
<h3>Conférences de la Société Belfortaine d&rsquo;Emulation avec l&rsquo;Amicale du Fort des Basses Perches en 2011 et 2012</h3>
<div id="attachment_260" style="width: 310px" class="wp-caption alignleft"><a href="http://fortbassesperches.com/wp-content/uploads/2011/11/Conference-1-300-X-202-R80.jpg"><img loading="lazy" decoding="async" aria-describedby="caption-attachment-260" class="size-full wp-image-260" title="Conference (1) 300 X 202 R80" src="http://fortbassesperches.com/wp-content/uploads/2011/11/Conference-1-300-X-202-R80.jpg" alt="" width="300" height="202" /></a><p id="caption-attachment-260" class="wp-caption-text">Conférence SBE &#8211; Amicale du Fort (Ph. J-P Foltzer)</p></div>
<p>Une première conférence a eu lieu à Danjoutin au mois d&rsquo;octobre 2011.<br />
Sujet : l&rsquo;évolution de la citadelle de Belfort et la fortification du 13ème siècle jusqu&rsquo;à la période Denfert-Rochereau.<br />
Une deuxième conférence traitant de la période Séré de Rivières jusqu&rsquo;aux travaux de rénovation depuis 2002 a été réalisée en mars 2012.</p>
<p>.</p>
<h3>.</h3>
<h3>Visite de la Société Belfortaine d&rsquo;Emulation au Fort des Basses Perches en avril 2011</h3>
<div id="attachment_920" style="width: 280px" class="wp-caption alignleft"><a href="http://fortbassesperches.com/wp-content/uploads/2011/11/Visite-SBE-04_2011-1-270-X-203-R72.jpg"><img loading="lazy" decoding="async" aria-describedby="caption-attachment-920" class="wp-image-920 size-full" src="http://fortbassesperches.com/wp-content/uploads/2011/11/Visite-SBE-04_2011-1-270-X-203-R72.jpg" alt="OLYMPUS DIGITAL CAMERA" width="270" height="203" /></a><p id="caption-attachment-920" class="wp-caption-text">SBE-04_2011-1-270 X 203 R72</p></div>
<div id="attachment_922" style="width: 280px" class="wp-caption alignleft"><a href="http://fortbassesperches.com/wp-content/uploads/2011/11/Visite-SBE-04_2011-2-270-X-203-R72.jpg"><img loading="lazy" decoding="async" aria-describedby="caption-attachment-922" class="wp-image-922 size-full" src="http://fortbassesperches.com/wp-content/uploads/2011/11/Visite-SBE-04_2011-2-270-X-203-R72.jpg" alt="OLYMPUS DIGITAL CAMERA" width="270" height="203" /></a><p id="caption-attachment-922" class="wp-caption-text">SBE-04_2011-2-270 X 203 R72</p></div>
<h3></h3>
<h3>.<br />
Conférence de Presse avec la SBE au Fort des Basses Perches le 11 juillet 2011</h3>
<div id="attachment_928" style="width: 310px" class="wp-caption alignleft"><a href="http://fortbassesperches.com/wp-content/uploads/2011/11/Conference-de-Presse-SBE-au-Fort-300-X-216-R72.jpg"><img loading="lazy" decoding="async" aria-describedby="caption-attachment-928" class="wp-image-928 size-full" src="http://fortbassesperches.com/wp-content/uploads/2011/11/Conference-de-Presse-SBE-au-Fort-300-X-216-R72.jpg" alt="Conference de Presse SBE au Fort 300 X 216 R72" width="300" height="216" /></a><p id="caption-attachment-928" class="wp-caption-text">Conference de Presse SBE au Fort 380 X 216 R72 Ph. M. Girod</p></div>
<p>Les premiers exemplaires du bulletin (N°101) de la Société Belfortaine d&rsquo;Emulation ont été remis aux adhérents de l&rsquo;Amicale du Fort des Basses Perches.</p>
<h3>.</h3>
<h3></h3>
<h3></h3>
<h3></h3>
<h3></h3>
<h3>Cérémonie du 35ème Régiment d&rsquo;Infanterie de Belfort au fort des Basses Perches le 26 juin 2014</h3>
<div id="attachment_899" style="width: 280px" class="wp-caption alignleft"><a href="http://fortbassesperches.com/wp-content/uploads/2011/11/Remise-des-Insignes-35ème-RI-270-X-175-R801.jpg"><img loading="lazy" decoding="async" aria-describedby="caption-attachment-899" class="wp-image-899 size-full" src="http://fortbassesperches.com/wp-content/uploads/2011/11/Remise-des-Insignes-35ème-RI-270-X-175-R801.jpg" alt="Remise des Insignes 35ème RI 270 X 175 R80" width="270" height="175" /></a><p id="caption-attachment-899" class="wp-caption-text">Remise des Insignes 35ème RI 270 X 175 R80</p></div>
<div id="attachment_901" style="width: 285px" class="wp-caption alignleft"><a href="http://fortbassesperches.com/wp-content/uploads/2011/11/Charte-35ème-RI-Commune-de-Villersexel-270-X-175-R80.jpg"><img loading="lazy" decoding="async" aria-describedby="caption-attachment-901" class="wp-image-901 size-full" src="http://fortbassesperches.com/wp-content/uploads/2011/11/Charte-35ème-RI-Commune-de-Villersexel-270-X-175-R80.jpg" alt="Charte 35ème RI - Commune de Villersexel 270 X 175 R80" width="275" height="180" /></a><p id="caption-attachment-901" class="wp-caption-text">Charte 35ème RI Commune de Villersexel 270 X 175 R80</p></div>
<p><br style="clear: both;" />La remise des insignes d&rsquo;Aguerrissement Commando aux participants méritants et la signature de la Charte entre le 35ème RI et la ville de Villersexel a eu lieu dans le cadre exceptionnel du Fort des Basses Perches.</p>
<h3>.<br />
Coderando 90<br />
.</h3>

<p>Pour les visites du fort, veuillez prendre contact avec le secrétariat de la mairie de Danjoutin au 03 84 28 24 21. Il est aussi possible de demander des renseignements par l&rsquo;intermédiaire de la page Contact du site. Conférences de &hellip; <a href="https://fortbassesperches.com/?page_id=191">Continuer la lecture <span class="meta-nav">&rarr;</span></a></p>
