{"id":14,"date":"2011-04-10T23:04:54","date_gmt":"2011-04-10T21:04:54","guid":{"rendered":"http:\/\/fortbassesperches.com\/?page_id=14"},"modified":"2025-11-22T15:56:13","modified_gmt":"2025-11-22T13:56:13","slug":"accueil-2","status":"publish","type":"page","link":"https:\/\/fortbassesperches.com\/","title":{"rendered":"Accueil"},"content":{"rendered":"<h2>Bienvenue sur le site du Fort des Basses Perches<\/h2>\n<p>Le site con\u00e7u et entretenu par <strong>l&rsquo;Amicale du Fort des Basses Perches <\/strong>vous invite \u00e0 d\u00e9couvrir l&rsquo;histoire de la premi\u00e8re ceinture fortifi\u00e9e de Belfort et avant tout celle du fort des Basses Perches. Vous trouverez aussi sur ce site toutes les informations concernant les r\u00e9novations command\u00e9es par la commune propri\u00e9taire, Danjoutin, et les travaux r\u00e9alis\u00e9s (et en cours) par l&rsquo;Amicale du Fort.<\/p>\n<p>Le site cr\u00e9\u00e9 en avril 2011, sera mis \u00e0 jour r\u00e9guli\u00e8rement en fonction des actualit\u00e9s et des \u00e9v\u00e9nements qui auront lieu au fort.<\/p>\n<p><strong>Visite du Fort des Basses Perches<\/strong><br \/>Le fort peut \u00eatre visit\u00e9, utiliser la page \u00ab\u00a0Contact\u00a0\u00bb du site internet pour un rendez-vous.<br \/>Il est \u00e9galement possible nous joindre par l&rsquo;interm\u00e9diaire du secr\u00e9tariat de la mairie de Danjoutin au 00 33 (0) 3 84 28 24 21.<\/p>\n<p>&nbsp;<\/p>\n\n<div class=\"wp-block-image\">\n<figure class=\"alignleft is-resized\"><img loading=\"lazy\" decoding=\"async\" width=\"202\" height=\"201\" src=\"http:\/\/fortbassesperches.com\/wp-content\/uploads\/2019\/11\/logo-fondation-petit-format.jpg\" alt=\"\" class=\"wp-image-1580\" style=\"width:192px;height:191px\" srcset=\"https:\/\/fortbassesperches.com\/wp-content\/uploads\/2019\/11\/logo-fondation-petit-format.jpg 202w, https:\/\/fortbassesperches.com\/wp-content\/uploads\/2019\/11\/logo-fondation-petit-format-150x150.jpg 150w, https:\/\/fortbassesperches.com\/wp-content\/uploads\/2019\/11\/logo-fondation-petit-format-144x144.jpg 144w\" sizes=\"auto, (max-width: 202px) 100vw, 202px\" \/><figcaption class=\"wp-element-caption\"><br> <\/figcaption><\/figure>\n<\/div>\n\n\n<p>Le Fort des Basses Perches a \u00e9t\u00e9 retenu au Loto du Patrimoine.<br>Gr\u00e2ce au Loto, des travaux de r\u00e9paration ont \u00e9t\u00e9 effectu\u00e9s en 2023 et 2024.<br>Un grand merci aux donateurs !<br>Le fort s\u00e9curis\u00e9 est disponible au public \u00e0 partir de 2025.<br><br><\/p>\n\n\n\n<p><\/p>\n\n\n\n<p><\/p>\n\n\n\n<p><\/p>\n","protected":false},"excerpt":{"rendered":"<p>Bienvenue sur le site du Fort des Basses Perches Le site con\u00e7u et entretenu par l&rsquo;Amicale du Fort des Basses Perches vous invite \u00e0 d\u00e9couvrir l&rsquo;histoire de la premi\u00e8re ceinture fortifi\u00e9e de Belfort et avant tout celle du fort des &hellip; <a href=\"https:\/\/fortbassesperches.com\/\">Continuer la lecture <span class=\"meta-nav\">&rarr;<\/span><\/a><\/p>\n","protected":false},"author":1,"featured_media":0,"parent":0,"menu_order":0,"comment_status":"closed","ping_status":"closed","template":"","meta":{"ngg_post_thumbnail":0,"footnotes":""},"class_list":["post-14","page","type-page","status-publish","hentry"],"_links":{"self":[{"href":"https:\/\/fortbassesperches.com\/index.php?rest_route=\/wp\/v2\/pages\/14","targetHints":{"allow":["GET"]}}],"collection":[{"href":"https:\/\/fortbassesperches.com\/index.php?rest_route=\/wp\/v2\/pages"}],"about":[{"href":"https:\/\/fortbassesperches.com\/index.php?rest_route=\/wp\/v2\/types\/page"}],"author":[{"embeddable":true,"href":"https:\/\/fortbassesperches.com\/index.php?rest_route=\/wp\/v2\/users\/1"}],"replies":[{"embeddable":true,"href":"https:\/\/fortbassesperches.com\/index.php?rest_route=%2Fwp%2Fv2%2Fcomments&post=14"}],"version-history":[{"count":68,"href":"https:\/\/fortbassesperches.com\/index.php?rest_route=\/wp\/v2\/pages\/14\/revisions"}],"predecessor-version":[{"id":14860,"href":"https:\/\/fortbassesperches.com\/index.php?rest_route=\/wp\/v2\/pages\/14\/revisions\/14860"}],"wp:attachment":[{"href":"https:\/\/fortbassesperches.com\/index.php?rest_route=%2Fwp%2Fv2%2Fmedia&parent=14"}],"curies":[{"name":"wp","href":"https:\/\/api.w.org\/{rel}","templated":true}]}}

<h2>Bienvenue sur le site du Fort des Basses Perches</h2>
<p>Le site conçu et entretenu par <strong>l&rsquo;Amicale du Fort des Basses Perches </strong>vous invite à découvrir l&rsquo;histoire de la première ceinture fortifiée de Belfort et avant tout celle du fort des Basses Perches. Vous trouverez aussi sur ce site toutes les informations concernant les rénovations commandées par la commune propriétaire, Danjoutin, et les travaux réalisés (et en cours) par l&rsquo;Amicale du Fort.</p>
<p>Le site créé en avril 2011, sera mis à jour régulièrement en fonction des actualités et des événements qui auront lieu au fort.</p>
<p><strong>Visite du Fort des Basses Perches</strong><br />Le fort peut être visité, utiliser la page « Contact » du site internet pour un rendez-vous.<br />Il est également possible nous joindre par l&rsquo;intermédiaire du secrétariat de la mairie de Danjoutin au 00 33 (0) 3 84 28 24 21.</p>
<p>&nbsp;</p>

<div class="wp-block-image">
<figure class="alignleft is-resized"><img loading="lazy" decoding="async" width="202" height="201" src="http://fortbassesperches.com/wp-content/uploads/2019/11/logo-fondation-petit-format.jpg" alt="" class="wp-image-1580" style="width:192px;height:191px" srcset="https://fortbassesperches.com/wp-content/uploads/2019/11/logo-fondation-petit-format.jpg 202w, https://fortbassesperches.com/wp-content/uploads/2019/11/logo-fondation-petit-format-150x150.jpg 150w, https://fortbassesperches.com/wp-content/uploads/2019/11/logo-fondation-petit-format-144x144.jpg 144w" sizes="auto, (max-width: 202px) 100vw, 202px" /><figcaption class="wp-element-caption"><br> </figcaption></figure>
</div>


<p>Le Fort des Basses Perches a été retenu au Loto du Patrimoine.<br>Grâce au Loto, des travaux de réparation ont été effectués en 2023 et 2024.<br>Un grand merci aux donateurs !<br>Le fort sécurisé est disponible au public à partir de 2025.<br><br></p>



<p></p>



<p></p>



<p></p>

<p>Bienvenue sur le site du Fort des Basses Perches Le site conçu et entretenu par l&rsquo;Amicale du Fort des Basses Perches vous invite à découvrir l&rsquo;histoire de la première ceinture fortifiée de Belfort et avant tout celle du fort des &hellip; <a href="https://fortbassesperches.com/">Continuer la lecture <span class="meta-nav">&rarr;</span></a></p>
